 + 6. Let c be d(-4). Suppose -602 = -4*f - c. What are the prime factors of f?
3, 43
Suppose -20*o + 41*o = 25851. Let n = -704 + o. List the prime factors of n.
17, 31
Let n(h) = -1298*h - 5. Let x(i) = 4. Let c(v) = -n(v) - 3*x(v). What are the prime factors of c(1)?
1291
Let g = -1913 - -8490. List the prime factors of g.
6577
Suppose 4528*g - 2*k = 4526*g + 117922, -2*g - 3*k + 117922 = 0. What are the prime factors of g?
7, 8423
Let a(f) = 54*f**3 + 24*f**2 - 24. Let v(t) = 11*t**3 + 5*t**2 - 5. Let d(r) = 3*a(r) - 14*v(r). Let j = -11 + 13. List the prime factors of d(j).
2, 5, 7
Let o(d) = 4*d**3 - 2*d**2 + d + 5. Let b be o(-4). Let r = -112 - b. List the prime factors of r.
5, 7
Let n(y) = -588*y - 376. List the prime factors of n(-9).
2, 1229
Let w be (-56300)/(-15) + -2 - (-2)/3. Suppose -w = -18*x + 6526. List the prime factors of x.
571
What are the prime factors of (-258080)/(-36) + ((-46)/(-9) - 5)?
67, 107
List the prime factors of (167832/(-1701))/(-1*(-4)/(-78)).
2, 13, 37
Let b be 9*4/(60/55). Let j(c) = -c**3 + 32*c**2 + 40*c + 13. What are the prime factors of j(b)?
2, 61
Suppose -3*x - 60*k = -57*k - 30357, 4*k = 2*x - 20238. List the prime factors of x.
3, 3373
Suppose 23*t - 67*t - 90*t + 1654766 = 0. What are the prime factors of t?
53, 233
Let u(n) = -5*n + 40. Let s be u(18). Let f = -47 - s. Suppose 824 = f*a + 5*a. What are the prime factors of a?
103
Let g(w) be the second derivative of 43*w**4/4 + w**3/3 - 5*w**2/2 + 133*w. List the prime factors of g(2).
5, 103
Let h = -20876 + 31543. List the prime factors of h.
10667
Suppose -489*a = -513*a + 90024. List the prime factors of a.
11, 31
Let w = 261 + -473. Let h be (w/(-12))/(2/12). List the prime factors of (h - -1) + (-2)/(8/(-4)).
2, 3
Let j(o) = 3598*o - 3437. What are the prime factors of j(7)?
7, 13, 239
Let v(m) = -m**2 + 3*m + 9. Let b be v(4). Let h(x) = -13*x + 17. Let a be h(b). Let y = a + 80. What are the prime factors of y?
2
Let j(i) be the first derivative of -i**4/12 + 19*i**3/6 + 8*i**2 - 21*i + 21. Let v(x) be the first derivative of j(x). What are the prime factors of v(13)?
2, 47
Suppose -4*k + 5*k - 3 = 0. Suppose 4*q - c + 15 = -19, -4*q - k*c = 42. Let f(s) = 2*s**2 + 11*s - 19. List the prime factors of f(q).
2, 11
Suppose 0 = 9*h - 17 + 44. List the prime factors of (-2636)/h - (-50)/150.
3, 293
Suppose -467 + 161 = 9*j. Let w = j + 451. What are the prime factors of w?
3, 139
Let z = -39467 - -77832. What are the prime factors of z?
5, 7673
What are the prime factors of (132 - 152)/((-4)/5354)?
2, 5, 2677
Let v be (10 - 7)*366/(-6). Let s = v + 219. What are the prime factors of s?
2, 3
Let h(c) = 3*c**2 + 78*c - 2535. What are the prime factors of h(68)?
3, 43
Suppose 5*j - 2*m - 15889 = 30527, -6 = 2*m. List the prime factors of j.
2, 3, 7, 13, 17
Suppose -232*a + 119301 = -211*a. List the prime factors of a.
13, 19, 23
What are the prime factors of (-113859)/(-41) + (-756)/15498?
2777
Let g be (-24 - -16)/(3 + -1) - -355. Let y = 745 - g. What are the prime factors of y?
2, 197
Suppose 0 = -b + u + 3510, -15*b + 10*b = -u - 17562. What are the prime factors of b?
3, 1171
Let p(h) = 4608*h + 4948. List the prime factors of p(9).
2, 5, 11, 211
Let d(m) = -17*m - 5. Let h be d(-17). Suppose h = 5*y - 181. Let l = 342 - y. List the prime factors of l.
3, 83
Let p(x) = -7 + 8 - 153*x + 300*x - 20. Let q be p(5). Suppose 4*k - q = 4*u - 0*u, 0 = -5*u - 5. What are the prime factors of k?
2, 89
Let v = 362 + -360. Suppose 0 = v*d - 5 - 17. List the prime factors of d.
11
Suppose -7*i - i = 0. Suppose 2*w - 49 = h, i = w + 2*h - 0*h - 27. Let p = w - -50. List the prime factors of p.
3, 5
Let m(l) be the first derivative of l**3/3 + 7*l**2/2 - 4*l - 18. Let w be m(-7). List the prime factors of (3 - -87) + 1 + (w - -3).
2, 3, 5
Let a(w) = 2364*w**2 + 444*w - 52. List the prime factors of a(-5).
2, 14207
Suppose -14587 = 32*x - 160603. What are the prime factors of x?
3, 13
Let w(b) = -4*b + 39*b**2 + 4 + 1 - 1 + 68*b**2. List the prime factors of w(1).
107
Suppose -96*d + 94*d + 52 = 0. What are the prime factors of 28/182 + 33094/d?
19, 67
Suppose 81*r - 2*r = -77*r + 1072344. List the prime factors of r.
2, 7, 491
Let t = -19821 - -32491. What are the prime factors of t?
2, 5, 7, 181
Let l(a) = -200*a**3 + 14*a**2 - 40*a - 487. List the prime factors of l(-7).
37, 1867
Let q(v) = 37*v**2 - 50*v + 2199. List the prime factors of q(23).
2, 3, 7, 491
List the prime factors of 8/(-5)*(10 + -5) - (-454322)/11.
2, 11, 1877
Suppose 2*z + 2*p = 90226, -178*z + 174*z - 5*p = -180459. List the prime factors of z.
2, 19, 1187
Let i be 4/(-10) + (-104)/65 + 6. Suppose 2*r + i = -2*r, 0 = x + 2*r. List the prime factors of x.
2
Suppose -3583*p + 3574*p = -38889. What are the prime factors of p?
29, 149
Let q(f) be the first derivative of f**3/3 - f**2/2 - 2*f - 20. Let c be q(0). Let x(a) = -15*a - 9. List the prime factors of x(c).
3, 7
Let j(f) = -7*f - 9. Let k be j(-2). Suppose 2*n - n - 85 = 2*q, k*n = -q + 414. Suppose n - 452 = -3*w. List the prime factors of w.
3, 41
Suppose 50 = 24*u - 22. What are the prime factors of (-1 + 1 - u)*488/(-12)?
2, 61
Let m(r) = 98*r**2 - 1025*r + 1. What are the prime factors of m(19)?
2, 7, 71
Let z be 168/(-30) + 6 + 896/10. Suppose 94*d - z*d = 2148. What are the prime factors of d?
3, 179
Let u(w) = 5*w**2 - 55*w - 14 + 63*w - 7. What are the prime factors of u(5)?
2, 3
Let d(h) = 5*h**3 - 11*h**2 - h - 23. Let f(x) = 4*x**3 - 11*x**2 - x - 24. Let q = -65 - -61. Let u(i) = q*f(i) + 3*d(i). What are the prime factors of u(11)?
2, 19
Suppose 52 = 3*l - 77. Suppose 0 = -32*k + l*k - 693. What are the prime factors of k?
3, 7
Suppose -8*h + 28 = 4. Let x be (4/8)/(h/(-12)). List the prime factors of (2 - (x - -2)) + 8.
2, 5
Let s(j) = -8*j - 26. Let a be s(-4). What are the prime factors of (a - -102)/((-4)/(-6))?
2, 3
Let v(p) = -32*p - 17. Suppose 48 = -n + 13*n. Let j be (-30)/((-15)/(-5))*n/10. What are the prime factors of v(j)?
3, 37
Let b(p) = 2*p + 8. Let g be b(6). Suppose -3*r - g = -4*x, x - 12 = -x + 2*r. Suppose -79 - 247 = -4*s - o, -4 = x*o. What are the prime factors of s?
2, 41
What are the prime factors of (-9914)/((2/(-5))/(-1) + (-35)/25)?
2, 4957
Suppose 5*a - 4490 = -j, -2*a = -20*j + 17*j - 1796. Suppose -6*x - a = -1660. What are the prime factors of x?
127
Let m(w) = -1711*w - 50. What are the prime factors of m(-8)?
2, 3, 2273
Let r = -51 + 45. Let d be 11/((-33)/(-2))*r/4. What are the prime factors of d*(1 + -3)*2?
2
What are the prime factors of (-18)/(-15)*(-15792340)/(-444)?
2, 21341
List the prime factors of 53928 - (5963/(-712) + (-6)/(-16)).
2, 3371
Suppose 1531 = -7*m + 138. Let w = m + 316. List the prime factors of w.
3, 13
Let g = 28006 - 16593. What are the prime factors of g?
101, 113
Let b(k) = 5*k**2 - 4*k + 128. List the prime factors of b(60).
2, 13, 43
Let d(g) = 1155*g**3 + 2*g**2 - 2. Let a be d(1). What are the prime factors of 2*(2 - 0) + a/5?
5, 47
Suppose 2*v + 5*b - 3907 = 0, 4*b - 7*b - 15 = 0. Let q = v - 501. Suppose 4*z + 367 = 2*c - 231, -5*c + q = 5*z. List the prime factors of c.
5, 59
Let u be ((-60)/(-16))/(18/48). Let g be u/15 + (-14)/(-6). List the prime factors of (-4 - (-5 + g))*219/(-2).
3, 73
Let a(g) be the second derivative of -2*g**3 - 30*g**2 - 76*g. List the prime factors of a(-15).
2, 3, 5
Let v = 350 + 160. Suppose 0 = 511*f - v*f - 201. List the prime factors of f.
3, 67
Let t(l) = 6950*l - 204. What are the prime factors of t(4)?
2, 6899
Suppose -3598 - 16798 = -4*r - 4*g, -g + 20390 = 4*r. What are the prime factors of r?
3, 1699
Let q = 8057 - 6197. What are the prime factors of q?
2, 3, 5, 31
Suppose 6*h = 10*h. Let s be 2962/8 - (h - 2/(-8)). Suppose -k + s = k. What are the prime factors of k?
5, 37
Suppose 3*b = -2*u + 16, -3*b - u = -24 + 10. Suppose q - b*x = 1154, -5*q + 2433 = -3*x - 3371. List the prime factors of q.
2, 7, 83
Let q(i) = -67*i + 1. Let b(j) = 34*j - 1. Suppose -z - 18 = -8. Let h(v) = z*b(v) - 6*q(v). List the prime factors of h(2).
2
Suppose j - 26*d + 21*d - 41915 = 0, 5*j = -5*d + 209335. List the prime factors of j.
5, 67
Let f = -8641 - -17428. List the prime factors of f.
3, 29, 101
Let t(l) = 4*